 thousands digit of 1662847577?
7
What is the units digit of 85195162?
2
What is the ten thousands digit of 104639319?
3
What is the billions digit of 1873430710?
1
What is the ten thousands digit of 123683174?
8
What is the units digit of 55809066?
6
What is the hundred thousands digit of 25498985?
4
What is the ten millions digit of 79014701?
7
What is the ten millions digit of 921092070?
2
What is the units digit of 30710098?
8
What is the thousands digit of 106164108?
4
What is the hundred thousands digit of 239902034?
9
What is the ten millions digit of 122467520?
2
What is the hundreds digit of 7244600796?
7
What is the hundred thousands digit of 4946285?
9
What is the thousands digit of 107707679?
7
What is the ten millions digit of 221558161?
2
What is the millions digit of 30713341?
0
What is the units digit of 12702361?
1
What is the tens digit of 3232340601?
0
What is the millions digit of 66151060?
6
What is the hundred millions digit of 2084396000?
0
What is the hundred millions digit of 381679703?
3
What is the ten thousands digit of 1118756870?
5
What is the tens digit of 269792913?
1
What is the thousands digit of 293180997?
0
What is the thousands digit of 710841750?
1
What is the millions digit of 82523316?
2
What is the millions digit of 674117272?
4
What is the ten thousands digit of 485165991?
6
What is the hundreds digit of 531151090?
0
What is the tens digit of 24480407?
0
What is the tens digit of 1656572720?
2
What is the ten thousands digit of 435962252?
6
What is the millions digit of 1212080288?
2
What is the ten thousands digit of 227147159?
4
What is the ten thousands digit of 212531029?
3
What is the tens digit of 80152805?
0
What is the hundred thousands digit of 66412326?
4
What is the ten millions digit of 131590346?
3
What is the hundred thousands digit of 9313592?
3
What is the tens digit of 1279650140?
4
What is the ten thousands digit of 1266538576?
3
What is the billions digit of 2191449880?
2
What is the tens digit of 94712642?
4
What is the ten thousands digit of 1180255336?
5
What is the millions digit of 189517870?
9
What is the hundred thousands digit of 262100450?
1
What is the ten thousands digit of 24392251?
9
What is the units digit of 1415323063?
3
What is the ten thousands digit of 97469755?
6
What is the hundred millions digit of 139034115?
1
What is the tens digit of 60203308?
0
What is the units digit of 2279360943?
3
What is the thousands digit of 26613390?
3
What is the ten thousands digit of 254075488?
7
What is the thousands digit of 679411573?
1
What is the hundred thousands digit of 2166361532?
3
What is the thousands digit of 33134782?
4
What is the hundred thousands digit of 91522670?
5
What is the millions digit of 1389355736?
9
What is the hundreds digit of 874821662?
6
What is the ten thousands digit of 21724284?
2
What is the thousands digit of 13690957?
0
What is the units digit of 171728598?
8
What is the hundred thousands digit of 1384518877?
5
What is the units digit of 196513761?
1
What is the ten millions digit of 27973770?
2
What is the millions digit of 38672511?
8
What is the hundred millions digit of 3744961210?
7
What is the hundred thousands digit of 948455306?
4
What is the tens digit of 35717033?
3
What is the hundred millions digit of 706757515?
7
What is the units digit of 167054391?
1
What is the thousands digit of 372365636?
5
What is the units digit of 9032254746?
6
What is the hundreds digit of 67251682?
6
What is the ten millions digit of 396756271?
9
What is the hundred thousands digit of 174542142?
5
What is the hundred thousands digit of 666835757?
8
What is the ten millions digit of 14078895?
1
What is the hundred millions digit of 574975390?
5
What is the tens digit of 35688057?
5
What is the tens digit of 4675048272?
7
What is the hundred millions digit of 640179968?
6
What is the thousands digit of 34264813?
4
What is the ten thousands digit of 8917062?
1
What is the hundreds digit of 57870068?
0
What is the ten millions digit of 443857870?
4
What is the units digit of 599677214?
4
What is the hundred thousands digit of 106685085?
6
What is the hundred thousands digit of 43005337?
0
What is the units digit of 1185084834?
4
What is the thousands digit of 90567765?
7
What is the millions digit of 531844659?
1
What is the tens digit of 40680906?
0
What is the hundred millions digit of 1040481847?
0
What is the ten millions digit of 126858513?
2
What is the ten millions digit of 382796085?
8
What is the hundred thousands digit of 33223103?
2
What is the thousands digit of 107177118?
7
What is the tens digit of 1261302193?
9
What is the millions digit of 1352088775?
2
What is the hundred thousands digit of 106169196?
1
What is the ten millions digit of 32541240?
3
What is the ten thousands digit of 681244435?
4
What is the hundreds digit of 240647314?
3
What is the hundred millions digit of 2288264207?
2
What is the units digit of 5901705?
5
What is the billions digit of 1867593891?
1
What is the tens digit of 41372633?
3
What is the tens digit of 2236907252?
5
What is the tens digit of 182142550?
5
What is the thousands digit of 24072852?
2
What is the hundred thousands digit of 8902971?
9
What is the hundred thousands digit of 799940913?
9
What is the thousands digit of 203285149?
5
What is the ten millions digit of 370131691?
7
What is the tens digit of 50074455?
5
What is the tens digit of 2791270951?
5
What is the units digit of 66207272?
2
What is the hundred thousands digit of 747390670?
3
What is the units digit of 27381007?
7
What is the hundred thousands digit of 601290123?
2
What is the ten millions digit of 58730247?
5
What is the millions digit of 1468432542?
8
What is the units digit of 1316112?
2
What is the millions digit of 83294639?
3
What is the hundred thousands digit of 687892808?
8
What is the tens digit of 181942046?
4
What is the hundred thousands digit of 2885610814?
6
What is the thousands digit of 117569353?
9
What is the tens digit of 70006450?
5
What is the ten millions digit of 14136611?
1
What is the hundred thousands digit of 7947753?
9
What is the hundreds digit of 575450842?
8
What is the thousands digit of 6703644?
3
What is the hundred thousands digit of 73578864?
5
What is the hundreds digit of 1824307799?
7
What is the hundred thousands digit of 75437724?
4
What is the thousands digit of 37745731?
5
What is the ten millions digit of 14260707?
1
What is the thousands digit of 1409504849?
4
What is the millions digit of 181734243?
1
What is the units digit of 7331866502?
2
What is the millions digit of 170849010?
0
What is the ten millions digit of 5683424669?
8
What is the millions digit of 52428796?
2
What is the billions digit of 3364903926?
3
What is the units digit of 3289359998?
8
What is the ten millions digit of 582513065?
8
What is the ten thousands digit of 198309399?
0
What is the units digit of 9981370?
0
What is the hundred millions digit of 261135940?
2
What is the thousands digit of 2047739692?
9
What is the units digit of 66650606?
6
What is the hundreds digit of 36183541?
5
What is the ten millions digit of 63552985?
6
What is the hundred millions digit of 2923586236?
9
What is the ten thousands digit of 215183918?
8
What is the millions digit of 23817462?
3
What is the billions digit of 8276803205?
8
What is the ten thousands digit of 114620711?
2
What is the ten millions digit of 3418482551?
1
What is the billions digit of 1099218804?
1
What is the millions digit of 199882524?
9
What is the thousands digit of 14035283?
5
What is the ten thousands digit of 5087210610?
1
What is the tens digit of 4351674209?
0
What is the ten millions digit of 103845067?
0
What is the ten millions digit of 1256377216?
5
What is the thousands digit of 13499583?
9
What is the hundred thousands digit of 321392483?
3
What is the thousands digit of 95813181?
3
What is the thousands digit of 232965874?
5
What is the thousands digit of 627320170?
0
What is the thousands digit of 2125817963?
7
What is the millions digit of 388434889?
8
What is the hundreds digit of 3026847453?
4
What is the hundred thousands digit of 205281086?
2
What is the units digit of 64252018?
8
What is the ten thousands digit of 142266779?
6
What is t